r of 4054551 and 969.
51
What is the greatest common divisor of 18048 and 12577056?
96
Calculate the greatest common divisor of 734017005 and 405.
135
Calculate the greatest common divisor of 342 and 9462.
114
What is the highest common factor of 3927 and 179641?
77
What is the greatest common divisor of 7745877 and 24831?
279
Calculate the greatest common divisor of 954 and 122024656.
106
Calculate the highest common divisor of 3267 and 365283.
27
What is the greatest common factor of 52541707 and 167?
167
Calculate the highest common factor of 1271311 and 9911.
901
What is the highest common factor of 78750815 and 390?
65
Calculate the highest common divisor of 12446 and 200214.
98
What is the greatest common factor of 277015165 and 35?
35
Calculate the greatest common divisor of 81198 and 60138.
234
What is the highest common divisor of 1499766 and 129814?
2762
Calculate the greatest common divisor of 305779141 and 2831.
2831
What is the greatest common factor of 5 and 5844205?
5
What is the greatest common factor of 116134494 and 62?
62
Calculate the greatest common factor of 122100592 and 2960.
592
What is the highest common factor of 3299000 and 2250?
250
Calculate the greatest common divisor of 155000660 and 6565.
505
What is the greatest common divisor of 452 and 381835249?
113
What is the greatest common divisor of 3256 and 484858?
22
What is the highest common divisor of 459095 and 64155?
455
Calculate the greatest common divisor of 11938 and 8158226.
254
What is the highest common factor of 1501748 and 11808?
164
What is the greatest common factor of 14465763 and 351?
351
What is the highest common divisor of 5588 and 46079?
11
Calculate the highest common factor of 14016007 and 629.
629
What is the greatest common divisor of 219325 and 78275?
775
Calculate the highest common divisor of 102 and 62020641.
51
What is the highest common divisor of 35 and 1901207?
7
What is the highest common factor of 56 and 7362236?
28
Calculate the highest common divisor of 2266478441 and 29.
29
What is the highest common factor of 132243 and 237813?
51
Calculate the highest common divisor of 4336 and 199960060.
1084
What is the greatest common divisor of 778228574 and 954?
106
Calculate the greatest common divisor of 387651465 and 165.
15
What is the greatest common divisor of 216 and 632974392?
216
What is the greatest common divisor of 23303599 and 148?
37
What is the greatest common divisor of 21 and 522816966?
21
Calculate the highest common factor of 9429 and 190211217.
9429
What is the highest common divisor of 41065 and 357975?
215
What is the highest common divisor of 3811230 and 3180?
1590
Calculate the greatest common factor of 616331 and 201083.
211
Calculate the highest common factor of 30697992 and 12168.
936
What is the highest common divisor of 344900 and 128?
4
Calculate the highest common divisor of 3925 and 23121390.
785
What is the greatest common factor of 1055311 and 11097?
137
What is the highest common divisor of 3604 and 512516?
68
What is the highest common factor of 197001923 and 69?
23
What is the greatest common divisor of 21943629 and 12927?
93
Calculate the greatest common factor of 7290 and 3482244.
54
What is the highest common factor of 29529 and 341469?
9
Calculate the highest common divisor of 16881933 and 915.
183
What is the highest common divisor of 9153 and 13257?
27
What is the highest common factor of 37929172 and 6398?
914
What is the highest common factor of 171112 and 185128?
584
What is the greatest common factor of 288960 and 3324760?
1720
What is the greatest common factor of 217096892 and 2456?
1228
What is the greatest common factor of 5038188 and 2652?
204
What is the greatest common divisor of 56 and 72219812?
28
Calculate the highest common divisor of 238108880 and 552.
184
What is the greatest common divisor of 2185059 and 2546087?
2099
What is the highest common factor of 28526 and 55046?
34
Calculate the greatest common divisor of 38412 and 22500896.
4268
What is the highest common divisor of 5750983 and 23377?
241
Calculate the highest common divisor of 792462 and 138.
6
Calculate the greatest common factor of 8150 and 514754.
326
Calculate the highest common factor of 13486 and 9762638.
1226
Calculate the greatest common divisor of 1877296265 and 27586.
13793
Calculate the greatest common divisor of 15 and 9739671.
3
Calculate the greatest common factor of 11 and 91234.
11
What is the highest common divisor of 1816 and 3371631?
227
Calculate the highest common factor of 774 and 94354986.
258
What is the highest common factor of 66213 and 6984946?
1051
What is the highest common factor of 9496201 and 572?
143
Calculate the highest common factor of 7236 and 52040448.
108
Calculate the greatest common factor of 484416 and 12.
12
Calculate the greatest common divisor of 544 and 991010104.
136
What is the greatest common factor of 2137225 and 22525?
1325
What is the highest common divisor of 207009 and 750546?
1107
What is the highest common factor of 1337 and 53501?
7
What is the highest common divisor of 221817708 and 14112?
1764
Calculate the highest common factor of 1045489 and 40104.
557
What is the highest common divisor of 6 and 28325529?
3
Calculate the highest common divisor of 74012072 and 949.
73
Calculate the highest common divisor of 8712 and 14564484.
396
What is the greatest common factor of 1758510137 and 17686?
8843
What is the highest common factor of 717759 and 6489?
63
Calculate the greatest common divisor of 127560 and 6024.
24
What is the greatest common factor of 147 and 272271?
3
What is the highest common factor of 6339 and 91429510?
2113
Calculate the highest common factor of 273103 and 5534657.
3457
Calculate the greatest common divisor of 40 and 293577820.
20
Calculate the highest common divisor of 1379637435 and 265.
265
What is the highest common factor of 52425 and 68700?
75
What is the highest common factor of 24 and 1986597?
3
What is the greatest common divisor of 720040833 and 243?
243
Calculate the highest common divisor of 97248 and 545472.
96
What is the highest common factor of 10145537 and 75247?
1601
Calculate the greatest common factor of 27880 and 2434088.
328
Calculate the greatest common factor of 7054481 and 5495.
1099
Calculate the greatest common factor of 3378 and 27114.
6
What is the highest common factor of 40252 and 9396?
116
What is the greatest common factor of 5224732 and 66998?
278
What is the greatest common divisor of 178151562 and 4484?
2242
Calculate the highest common factor of 6758 and 297042.
62
Calculate the greatest common factor of 67641704 and 1456.
104
Calculate the greatest common factor of 44628 and 3936.
12
Calculate the highest common factor of 86384 and 183247459.
5399
What is the greatest common factor of 464056 and 1448?
8
Calculate the highest common factor of 8 and 30024424.
8
What is the highest common factor of 33194832 and 156?
12
What is the highest common divisor of 69 and 285606893?
23
Calculate the greatest common divisor of 8040 and 593535.
15
Calculate the greatest common divisor of 417052233 and 117.
117
Calculate the highest common divisor of 203 and 406238960.
29
What is the greatest common divisor of 298514321 and 196?
49
What is the highest common divisor of 1011 and 45462?
3
What is the greatest common factor of 174244 and 7308?
28
What is the highest common divisor of 370 and 687710?
10
What is the highest common divisor of 9765810 and 2394?
342
What is the highest common divisor of 3798117 and 3?
3
What is the highest common factor of 19997343 and 4833?
1611
Calculate the greatest common factor of 421811743 and 1174.
587
What is the greatest common factor of 14708157 and 33939?
1257
Calculate the highest common factor of 7116688 and 16.
16
What is the greatest common divisor of 20145 and 722415?
255
Calculate the highest common divisor of 104321 and 6419.
49
Calculate the greatest common factor of 106 and 26018.
2
What is the greatest common divisor of 476 and 1020824?
28
What is the highest common divisor of 11025 and 1494500?
1225
Calculate the greatest common divisor of 1715121 and 459.
27
What is the greatest common divisor of 295 and 14399245?
295
Calculate the greatest common factor of 52298080 